 0 = x + 1, 2*t + t - 5*x - 5 = 0. Suppose -2*v + t*v = -b. What is the highest common factor of v and 72?
9
Let g be (12/12)/((-1)/(-7)). Let p be ((-36)/(-5))/(4/(-30)). Let n = 75 + p. What is the highest common factor of g and n?
7
Suppose 0 = -3*k + 5*z + 113 - 10, 4*z + 25 = k. What is the highest common divisor of k and 205?
41
Let g be 0 + (-2 + 2 - -77). Suppose -5*f + g = -4*f. What is the highest common factor of f and 7?
7
Suppose u - 5*v = 7, -2*u = -2*v + 3*v - 14. What is the greatest common divisor of 1 and u?
1
Let v(x) = 2*x - 6. Suppose 3*h = 8*h - 45. Let r be v(h). Calculate the greatest common factor of r and 96.
12
Suppose 0 = 4*s - 5*c - 443, 2*s + 2*c - 595 = -3*s. Calculate the greatest common factor of s and 78.
39
Suppose -3*r - 3*d = -r - 13, 0 = -r - 4*d + 4. What is the highest common divisor of r and 2?
2
Suppose 5*v + 511 = 2*a, -4*a + 1016 = v - 5*v. Let q be 138/(-4)*(-4)/6. What is the highest common divisor of a and q?
23
Let i = -39 + 43. Calculate the greatest common factor of 28 and i.
4
Suppose 5*i - 47 = -3*l, -2*l - 3 = -l - 3*i. Let h be 4/2*(-5)/(-10). Let r be (-7)/h*18/(-21). What is the highest common factor of r and l?
3
Suppose -2*t + 2 + 0 = 0. Let j(x) = 10*x. Let r be j(t). Calculate the greatest common divisor of r and 20.
10
Let s = -691 + 976. What is the greatest common divisor of s and 57?
57
Suppose 3*v - v = 2. Let p be 5/(2/6*3). What is the greatest common factor of v and p?
1
Suppose -f + 4*f + k = 23, 0 = -5*f - 4*k + 50. Suppose -h = -f*h. Let o be (6 - 1) + -3 + h. Calculate the greatest common divisor of 22 and o.
2
Suppose -3*l - 5*g = 1, 0 = -2*l + 3*g + 25 + 6. Let a be 8 - (1 + (-6 - -5)). Calculate the highest common divisor of l and a.
8
Let y = 54 + -24. Calculate the greatest common divisor of y and 15.
15
Let y(i) = -4*i + 4. Let b be y(-1). What is the highest common factor of b and 12?
4
Suppose 0*p - 69 = -p. Suppose 3*a - 279 = -p. What is the highest common divisor of 28 and a?
14
Let o be (1/2 - (-29)/2) + -4. Calculate the highest common divisor of 66 and o.
11
Let w(g) = -g**3 + 6*g**2 + g + 6. Let b be w(5). Calculate the greatest common divisor of b and 12.
12
Let z be 0 + 2 - (-65 + 4). Suppose 0 = -13*f + 5*f + 72. Calculate the highest common divisor of z and f.
9
Let g be 4/(-12) - (-28)/12. Let h = g + 7. Calculate the highest common divisor of 63 and h.
9
Suppose h + 6 - 153 = 0. Suppose -3*r - 2*g = r - 122, 3*g = 5*r - h. Calculate the greatest common factor of r and 20.
10
Let h = -264 + 320. Suppose 3*y = 3 + 18. Calculate the highest common factor of h and y.
7
Let w = 5 - 4. Let n be -1 - (-39 + (w - 3)). What is the highest common divisor of n and 20?
20
Suppose 0*n = 2*n - 3*i + 20, -4*i = -2*n - 24. Let p be 1/2 + 50/n. Let s = 3 - p. Calculate the highest common factor of s and 165.
15
Suppose 9 = 2*p + 3*r + 3, 4*p + 3*r - 12 = 0. What is the highest common factor of 3 and p?
3
Suppose 4 = -h, -n - 4*h - 49 = -15. Let j = 31 + n. What is the greatest common divisor of j and 91?
13
Suppose 4*h = 3*s - 7*s - 188, 3*h + 245 = -5*s. Let c = s - -76. Let a = 0 - -12. Calculate the greatest common divisor of c and a.
12
Let n(p) = -p**3 - 2*p**2 + 3*p - 6. Let v be n(4). Let x be v/(-40) - (-6)/8. What is the greatest common divisor of 1 and x?
1
Suppose 4*l - 91 = 229. Calculate the highest common factor of 20 and l.
20
Let k be (16 - 6) + (1 - 4). Let j(h) = h**3 + 3*h**2 - h + 1. Let x be j(-2). Calculate the greatest common divisor of k and x.
7
Let d(r) = 2*r**2 - 6*r - 7. Let b be d(-5). Let s = -38 + b. What is the highest common factor of s and 7?
7
Let w(v) = -3*v + 7. Let h be w(5). Let m be (-324)/h + 2/(-4). Let p = m - 24. What is the greatest common factor of 32 and p?
16
Let r = 31 + -23. What is the highest common divisor of 2 and r?
2
Suppose -5*i = 10, -2*h + 13 = h + i. Let l(n) = -4*n + 17. Let t be l(-7). Calculate the greatest common factor of t and h.
5
Suppose -20 = s - 6*s. Let o(g) = -g**3 + 6*g**2 + 5*g + 7. Let p be o(7). Let w be p/28 + (-82)/(-8). Calculate the greatest common factor of w and s.
2
Suppose 2*x - x + 5*s = 18, -4*s + 40 = 4*x. What is the greatest common divisor of x and 40?
8
Let y be (-15)/10*16/(-3). Let i be ((-1)/(-2))/((-1)/(-2)). Let c be ((-12)/y)/(i/(-10)). What is the greatest common factor of 6 and c?
3
Suppose -2*r - r = -3. Suppose 2*y - 11 = -1. Calculate the greatest common divisor of y and r.
1
Suppose 0*p + 5*p = 25. Suppose -p*t - 11 = -46. What is the highest common factor of t and 49?
7
Let n(j) = -j**2 + 6*j - 6. Let g be n(4). Suppose m = -2 + 6. Suppose 2*f = m*f - 4, 2*o - 8 = -g*f. Calculate the greatest common factor of o and 10.
2
Let x = 23 + 68. Suppose i + 2*i = 0. Let f = 13 - i. Calculate the greatest common factor of f and x.
13
Suppose -6 + 4 = -2*w. Let c(v) = 30*v - 1. Let d be c(w). Suppose 2*t - 2 + 16 = 2*r, 3*t = 4*r - d. Calculate the highest common factor of 72 and r.
8
Let b = 138 + -50. What is the greatest common factor of b and 11?
11
Suppose -3*m - m = -20. Suppose p + 2*n = 28, 5*p - m*n - 234 + 34 = 0. Calculate the greatest common factor of 4 and p.
4
Let j(h) = h**3 - 9*h**2 - 4. Let q be j(10). Calculate the greatest common factor of q and 32.
32
Let a(z) = -z**3 - 8*z**2 - 12*z + 9. Let l be a(-6). What is the greatest common divisor of 99 and l?
9
Let f be 721/35 - ((-18)/15)/3. What is the greatest common factor of 21 and f?
21
Let j = -15 - -18. Suppose -c = -7 - j. What is the highest common factor of 90 and c?
10
Suppose 8*h = 8 + 40. What is the highest common divisor of 54 and h?
6
Let g be (-2 - (-6)/3)/2. Suppose g*t - t - 3 = 0. Let a be 108 - t - (-2)/(-2). Calculate the greatest common divisor of a and 10.
10
Suppose -4 = u - 6. Let o(z) = 5*z + 2*z**u + 6*z + 3*z - 5. Let c be o(-10). What is the greatest common divisor of c and 22?
11
Let b = 78 + -38. Suppose -4*y + 3*y + b = 0. Calculate the highest common divisor of 60 and y.
20
Let v be (-1)/2*2 + 5. Let a = 6 + v. Suppose -2*z + 5*h + 35 = 0, 3*z - h - 2 = 44. What is the highest common divisor of z and a?
5
Let u be 4/(-3)*810/(-12). Calculate the highest common factor of u and 10.
10
Suppose 0 = 5*h - 230 - 25. Calculate the greatest common factor of 17 and h.
17
Let h(m) be the first derivative of m**4/4 - 5*m**3/3 - 9*m**2/2 - 8*m - 5. Let d be h(7). What is the greatest common factor of 9 and d?
9
Let w be (-6)/(4 - 786/195). What is the greatest common divisor of 15 and w?
15
Suppose f - 681 = -2*p, 9*p - 4*p - 1707 = 2*f. Calculate the greatest common factor of p and 31.
31
Suppose 0*v = v - 4. Suppose -i - 30 = -v*i. Let u = -5 + i. Calculate the highest common factor of 50 and u.
5
Suppose -k - 5*y = -0*y + 1, 3*k + 4*y = 30. Calculate the greatest common factor of 14 and k.
14
Let l = 161 - 51. What is the highest common divisor of 10 and l?
10
Let s(g) = 27*g**2 + g - 1. Let z be (-52)/(-39) - (-2)/(-6). Let c be s(z). What is the greatest common divisor of 243 and c?
27
Let m be (4/(-3))/(2/(-9)). Let a = -4 + 12. Let x(l) = 4*l - 2. Let q be x(a). What is the greatest common factor of m and q?
6
Suppose 3*n - l - l + 2 = 0, -l - 4 = -4*n. Suppose -n*g + 243 = 81. Let u be (-6)/(-3) - -1 - -6. What is the highest common divisor of g and u?
9
Suppose -3*t - 37 - 19 = -4*r, 2*r - 4*t - 38 = 0. What is the highest common divisor of 88 and r?
11
Suppose 3*y = 10*y - 210. What is the highest common factor of y and 75?
15
Let u(l) = l**2 + 9*l + 13. Let a be u(-9). What is the highest common factor of 39 and a?
13
Let i(f) = 11*f + 1. Let a be i(14). Calculate the highest common divisor of 62 and a.
31
Let x = -14 + 34. What is the greatest common divisor of 50 and x?
10
Let w be 726/(-2 + -1 - -4). What is the greatest common divisor of w and 66?
66
Suppose -3*z = -2*j - 56, -4*j - 45 - 45 = -5*z. Suppose 3*q = 3*a + 168, a - 222 = -4*q + 3*a. Calculate the greatest common divisor of q and z.
11
Suppose -5*n + a + 11 = 0, 2*n + 3 = 3*n - a. Let k(s) = -3 + 0 - 2*s - n. Let c be k(-7). Calculate the highest common factor of 63 and c.
9
Let z be (-38)/(-14) - 12/(-42). Suppose 0 = 5*u - u + 3*j - 63, -3*u + 4*j = -41. What is the greatest common factor of u and z?
3
Let j =